e 7) to base 15.
-b794d
What is 522603 (base 8) in base 3?
22210220211
Convert -15cc85 (base 13) to base 14.
-101a51
-3137166 (base 10) to base 3
-12220101101100
301200132 (base 5) to base 14
2310ac
What is -332837 (base 9) in base 13?
-6c745
Convert 9fcaa (base 16) to base 3.
1020020210222
Convert 346035 (base 9) to base 13.
73775
3063700 (base 9) to base 8
6174133
-11331133 (base 6) to base 13
-c5220
What is -1011001111111001000 (base 2) in base 12?
-159374
5210097 (base 10) to base 13
11055c9
Convert 96b574 (base 14) to base 7.
61240104
What is 31251005 (base 6) in base 14?
199245
22056146 (base 7) to base 6
104352122
What is 58807aa (base 11) in base 10?
10264308
Convert 241122 (base 10) to base 16.
3ade2
What is 24b9b65 (base 13) in base 15?
1019d86
Convert -228b11 (base 12) to base 8.
-2073075
Convert 1110010111001111101011 (base 2) to base 6.
212411335
Convert 31c9 (base 13) to base 8.
15415
What is 1201000021021 (base 3) in base 16?
dd18e
Convert 2100312 (base 4) to base 5.
244040
13133132212 (base 4) to base 11
11215a2
-1314ff (base 16) to base 5
-310004214
What is -131215 (base 7) in base 3?
-1020120001
What is -8a410 (base 11) in base 8?
-377565
-1010102120212 (base 3) to base 8
-2221631
285a4b7 (base 12) to base 7
125500246
What is 1104953 (base 14) in base 12?
2858039
What is 3737265 (base 13) in base 2?
1000001100010100100100001
What is -120011021001 (base 4) in base 11?
-3621759
What is -132001454 (base 6) in base 3?
-11220202112121
-5971aa5 (base 11) to base 14
-1550875
Convert -1000022210200022 (base 3) to base 14.
-1d004a2
What is 155985 (base 12) in base 7?
3036665
-351251105 (base 6) to base 4
-120310233101
Convert 330003032 (base 4) to base 7.
2043050
Convert 75b2 (base 12) to base 5.
403300
Convert 58437 (base 13) to base 4.
213111033
What is -31389 (base 12) in base 15?
-14183
What is 221220001012002 (base 3) in base 16?
d1f333
-434011002 (base 5) to base 11
-10605a5
121121102211022 (base 3) to base 8
41527355
-1d7c6 (base 16) to base 10
-120774
-218079 (base 10) to base 11
-139934
Convert 24132350 (base 6) to base 13.
20746b
What is 3466516 (base 9) in base 3?
10112020120120
What is -2098724 (base 14) in base 9?
-32024423
-4720783 (base 9) to base 8
-11572047
Convert 120003404 (base 5) to base 3.
1000210211101
13ad6 (base 16) to base 3
11002120010
-33a4c (base 13) to base 7
-541064
Convert 3a758 (base 11) to base 6.
1125103
What is -59c6fd (base 16) in base 14?
-ad2285
Convert 1000101100101100001001 (base 2) to base 3.
11021211211220
Convert 22032312123 (base 4) to base 12.
a942a3
-211102221100 (base 3) to base 10
-441729
What is -10000010111001011 (base 2) in base 7?
-366251
60711 (base 12) to base 2
11110100111111101
Convert -641a8a (base 11) to base 9.
-1835426
What is -112964 (base 10) in base 4?
-123211010
What is 2130242142 (base 5) in base 8?
21243611
Convert -35202 (base 6) to base 2.
-1001110110010
Convert 1401043 (base 5) to base 10.
28273
What is 26924 (base 12) in base 5?
3200124
3340212141 (base 5) to base 10
7350921
What is 1304140314 (base 5) in base 15?
431209
What is -364409 (base 10) in base 13?
-c9b36
What is -110432423 (base 6) in base 8?
-7470577
What is 5eb401 (base 15) in base 13?
c31168
What is -22641846 (base 9) in base 2?
-101010000000001011011001
What is 101154143 (base 7) in base 11?
3379345
1210434 (base 5) to base 13
a3ac
What is -1590d (base 14) in base 2?
-1101001010011001
Convert 11145265 (base 7) to base 3.
1211020212001
293b80 (base 13) to base 12
407539
What is 156429 (base 14) in base 16?
b66b5
Convert 100120022201 (base 3) to base 6.
4011501
-620a0 (base 11) to base 15
-1bcb3
Convert 23476 (base 13) to base 16.
fbe6
What is -1485492 (base 10) in base 13?
-4001b8
What is 4432032 (base 5) in base 12?
38786
1301123222 (base 4) to base 2
1110001011011101010
-2559933 (base 12) to base 7
-116234532
-1031532 (base 7) to base 4
-132220113
Convert -12304302 (base 7) to base 2.
-100001111001011111111
What is -40b78 (base 12) in base 14?
-22ba4
What is -13a1992 (base 11) in base 10?
-2403645
Convert 5333424 (base 7) to base 14.
12bb84
12000212002 (base 3) to base 2
11000001011011110
What is 6233 (base 14) in base 9?
25158
162534322 (base 7) to base 2
101010000101111000010010
-13c60 (base 15) to base 4
-33200310
-899a7 (base 12) to base 16
-2ca4f
-434003402 (base 5) to base 6
-103510232
What is -f67fb (base 16) in base 7?
-11403420
Convert -60270 (base 9) to base 10.
-39591
Convert -111100111010010001 (base 2) to base 15.
-4ddc9
9b65a0 (base 12) to base 6
125043520
Convert -21120112211002 (base 3) to base 8.
-17267426
-120001212 (base 5) to base 3
-1000210102101
What is 140122005 (base 6) in base 12?
b36305
Convert -16455737 (base 8) to base 6.
-213550303
-254792 (base 12) to base 16
-94c5e
76849a (base 11) to base 15
1935ce
-316600 (base 9) to base 10
-188568
1609ab (base 13) to base 4
2010321001
What is 310430204 (base 5) in base 10?
1264429
Convert -2703a (base 12) to base 6.
-1052114
Convert -20112110022 (base 3) to base 8.
-373174
13421133 (base 5) to base 2
100001111010100110
What is 23267264 (base 9) in base 16?
acc6a8
-218881 (base 12) to base 16
-823e1
9f0a (base 16) to base 9
61757
Convert -12032353 (base 6) to base 13.
-102bc7
Convert -109b3a (base 12) to base 13.
-94108
Convert 2012122220112 (base 3) to base 7.
12660524
Convert -1112021010200 (base 3) to base 16.
-c64ad
-2415023 (base 8) to base 7
-5425063
What is -d85c8 (base 16) in base 5?
-211324331
4100024324 (base 5) to base 6
451505540
What is 6c83 (base 16) in base 5?
1342104
What is -210001102100200 (base 3) in base 16?
-aab800
Convert 9286a8 (base 11) to base 8.
5536471
What is -5612911 (base 10) in base 13?
-1216a65
13dd2 (base 14) to base 3
2111201220
What is -111100011101100 (base 2) in base 3?
-1120110112
What is -8484 (base 13) in base 2?
-100011110111000
What is -100130202 (base 4) in base 6?
-1235510
Convert 61548 (base 9) to base 7.
226130
-230001120012 (base 4) to base 9
-23637773
Convert -14022356 (base 7) to base 4.
-10331111213
2541c0c (base 13) to base 10
11628564
Convert -1ab94f (base 16) to base 8.
-6534517
-126640 (base 9) to base 7
-440454
-11020012220211 (base 3) to base 4
-20210313301
What is -13b9067 (base 13) in base 4?
-113323322131
What is -223234 (base 6) in base 8?
-44706
What is -21991 (base 13) in base 12?
-2b33a
100120221 (base 3) to base 7
26245
Convert -31301222 (base 6) to base 13.
-25b323
2b6a3 (base 13) to base 4
110020010
-129ec (base 15) to base 9
-100706
-164735 (base 9) to base 15
-20305
Convert 3dd138 (base 14) to base 5.
1022230143
Convert -26917 (base 12) to base 5.
-3200110
What is -42223240 (base 5) in base 13?
-c4106
What is -2d2ab (base 14) in base 4?
-123212113
Convert 2032013100 (base 4) to base 13.
174c48
What is 200765 (base 9) in base 7?
1003064
What is -10112413 (base 8) in base 11?
-1229319
Convert -44668 (base 15) to base 5.
-23424243
Convert 685168 (base 9) to base 11.
260516
-2100222210101 (base 3) to base 4
-10303200220
-187434 (base 10) to base 9
-315100
What is -558938 (base 11) in base 2?
-11011001010101111110
301524551 (base 6) to base 16
4e3f73
Convert -d6621 (base 14) to base 13.
-151482
-200012021 (base 3) to base 10
-13264
What is 10a506 (base 12) in base 11?
172530
Convert -105124600 (base 7) to base 11.
-3665696
What is -179cc (base 15) in base 13?
-28a61
What is 101201100222 (base 3) in base 10?
210950
Convert 703744 (base 8) to base 12.
b1ab0
Convert -11571176 (base 8) to base 4.
-21233021332
-68dd (base 14) to base 12
-a66b
What is 1030534 (base 11) in base 15?
25d1a1
What is -6a03 (base 16) in base 11?
-19432
-17aa272 (base 12) to base 8
-22711366
Convert 594a92 (base 13) to base 7.
24024513
1064641 (base 10) to base 3
2000002102011
Convert 1011203233 (base 4) to base 7.
2264434
Convert 2012410401 (base 5) to base 3.
21120200112201
Convert b3a64 (base 14) to base 16.
69ad8
-83f824 (base 16) to base 14
-1211c32
What is 21495 (base 13) in base 11?
41192
What is -11111101100111100001100 (base 2) in base 3?
-120122012220210
184070 (base 11) to base 8
1051674
Convert 236400 (base 15) to base 14.
320771
Convert cbad3 (base 15) to base 2.
10011101111110100001
What is 1172331 (base 8) in base 7?
2522004
638381 (base 12) to base 2
101111111001100010001
1023145